{"id":1060,"date":"2021-08-18T12:04:46","date_gmt":"2021-08-18T12:04:46","guid":{"rendered":"https:\/\/internshop.aktivit.se\/?post_type=product&#038;p=1060"},"modified":"2023-11-08T07:38:31","modified_gmt":"2023-11-08T07:38:31","slug":"aktivit-pullover-dam","status":"publish","type":"product","link":"https:\/\/internshop.aktivit.se\/?product=aktivit-pullover-dam","title":{"rendered":"AktivIT Pullover Dam"},"content":{"rendered":"","protected":false},"excerpt":{"rendered":"<p>Finstickad tr\u00f6ja i dam-modell. V-formad ribbad urringning. Nedre f\u00e5ll och muddar i 2 x 2 revben med Lycra som h\u00e5ller passformen. Tr\u00f6jan har ocks\u00e5 en dekorativ satinhals.<\/p>\n<p>Material: 98% bomull, 2% elastisk.<br \/>\nStorlekar: S-M-L-XL-XXL<br \/>\nTv\u00e4ttr\u00e5d: 40 \u00b0&hellip;<\/p>\n<p class=\"product woocommerce add_to_cart_inline \" style=\"border:4px solid #ccc; padding: 12px;\"><span class=\"woocommerce-Price-amount amount\"><bdi>475.00<span class=\"woocommerce-Price-currencySymbol\">&#107;&#114;<\/span><\/bdi><\/span><a href=\"https:\/\/internshop.aktivit.se\/?product=aktivit-pullover-dam\" aria-describedby=\"woocommerce_loop_add_to_cart_link_describedby_1060\" data-quantity=\"1\" class=\"button product_type_variable add_to_cart_button\" data-product_id=\"1060\" data-product_sku=\"507-98\" aria-label=\"V\u00e4lj alternativ f\u00f6r \u201dAktivIT Pullover Dam\u201d\" rel=\"nofollow\">V\u00e4lj alternativ<\/a>\t<span id=\"woocommerce_loop_add_to_cart_link_describedby_1060\" class=\"screen-reader-text\"><br \/>\n\t\tDen h\u00e4r produkten har flera varianter. De olika alternativen kan v\u00e4ljas p\u00e5 produktsidan\t<\/span><\/p>\n","protected":false},"featured_media":1075,"comment_status":"open","ping_status":"closed","template":"","meta":[],"product_brand":[],"product_cat":[33],"product_tag":[39,34],"class_list":{"0":"post-1060","1":"product","2":"type-product","3":"status-publish","4":"has-post-thumbnail","6":"product_cat-trojor","7":"product_tag-pullover","8":"product_tag-trojor","10":"first","11":"instock","12":"shipping-taxable","13":"purchasable","14":"product-type-variable"},"_links":{"self":[{"href":"https:\/\/internshop.aktivit.se\/index.php?rest_route=\/wp\/v2\/product\/1060","targetHints":{"allow":["GET"]}}],"collection":[{"href":"https:\/\/internshop.aktivit.se\/index.php?rest_route=\/wp\/v2\/product"}],"about":[{"href":"https:\/\/internshop.aktivit.se\/index.php?rest_route=\/wp\/v2\/types\/product"}],"replies":[{"embeddable":true,"href":"https:\/\/internshop.aktivit.se\/index.php?rest_route=%2Fwp%2Fv2%2Fcomments&post=1060"}],"wp:featuredmedia":[{"embeddable":true,"href":"https:\/\/internshop.aktivit.se\/index.php?rest_route=\/wp\/v2\/media\/1075"}],"wp:attachment":[{"href":"https:\/\/internshop.aktivit.se\/index.php?rest_route=%2Fwp%2Fv2%2Fmedia&parent=1060"}],"wp:term":[{"taxonomy":"product_brand","embeddable":true,"href":"https:\/\/internshop.aktivit.se\/index.php?rest_route=%2Fwp%2Fv2%2Fproduct_brand&post=1060"},{"taxonomy":"product_cat","embeddable":true,"href":"https:\/\/internshop.aktivit.se\/index.php?rest_route=%2Fwp%2Fv2%2Fproduct_cat&post=1060"},{"taxonomy":"product_tag","embeddable":true,"href":"https:\/\/internshop.aktivit.se\/index.php?rest_route=%2Fwp%2Fv2%2Fproduct_tag&post=1060"}],"curies":[{"name":"wp","href":"https:\/\/api.w.org\/{rel}","templated":true}]}}